lculate a(-4).
75
Let y(z) = -z**3 + 5*z**2 + 22*z - 18. Calculate y(8).
-34
Let o(i) = -9*i**2 - 168*i + 35. What is o(-19)?
-22
Let f(g) = -34*g - 14. Give f(-1).
20
Let j(h) = 6*h + 12. What is j(-2)?
0
Let c(k) = k**3 - 13*k**2 - 4*k + 332. What is c(10)?
-8
Let s(k) = -11*k**2 - 3589*k + 7174. Give s(2).
-48
Let w(j) = -5*j + 60. Give w(15).
-15
Let c(y) = -39*y**2 + 44*y + 2. What is c(-1)?
-81
Let m(k) = -152*k - 1216. What is m(-8)?
0
Let c(f) = -15*f - 184. Give c(-13).
11
Let i(b) = -18*b**2 + 61*b + 67. Give i(-1).
-12
Let o(r) = -220*r - 2140. What is o(-10)?
60
Let v(x) = 48*x - 224. Calculate v(4).
-32
Let l(h) = -h**2 + 55*h - 377. What is l(47)?
-1
Let h(n) = 16*n**3 + 324*n**2 + 323*n - 2. Determine h(-1).
-17
Let k(h) = -h**2 + 33*h - 269. What is k(18)?
1
Let q(f) = f**2 + 25*f - 365. Give q(10).
-15
Let z(c) = c**3 - 3*c**2 - 37*c + 137. Determine z(4).
5
Let o(r) = r**2 + 16*r - 256. Calculate o(-24).
-64
Let u(c) = -8*c - 196. Determine u(-21).
-28
Let v(p) = -1070*p + 38513. Calculate v(36).
-7
Let a(v) = v**3 + 87*v**2 - 172*v + 481. What is a(-89)?
-53
Let h(a) = 2*a**2 - 12*a - 956. What is h(25)?
-6
Let t(h) = -12*h - 510. What is t(-42)?
-6
Let i(z) = 2*z**2 + 141*z + 2480. Calculate i(-34).
-2
Let n(o) = 8*o**2 + 137*o + 417. Calculate n(-3).
78
Let h(s) = -2*s**2 - 132*s + 47. Calculate h(0).
47
Let k(h) = h**2 - 72*h + 729. Give k(12).
9
Let l(o) = -13*o**2 - 169*o + 494. Calculate l(3).
-130
Let j(r) = r**2 + 65*r + 1045. Determine j(-33).
-11
Let w(q) = -q**2 + 195*q - 7747. Determine w(55).
-47
Let q(y) = -5*y**3 - 3*y**2 + 36*y + 77. Give q(-2).
33
Let v(b) = -3*b**2 - 20*b - 126. Calculate v(-15).
-501
Let v(g) = -19*g - 358. Determine v(-14).
-92
Let j(s) = -219*s + 499. Give j(2).
61
Let z(q) = -2*q**2 + 6*q + 88. What is z(8)?
8
Let v(f) = 9*f**2 + 686*f - 115. Calculate v(-77).
424
Let q(i) = -i**3 + 22*i**2 - 43*i + 1. What is q(21)?
-461
Let w(u) = -u**3 - 5*u**2 + 42*u + 165. Calculate w(-4).
-19
Let n(y) = 725*y - 39146. Calculate n(54).
4
Let a(d) = -74*d - 2494. Calculate a(-34).
22
Let m(i) = 26*i**3 - i**2 + 8*i + 12. Calculate m(-2).
-216
Let l(u) = 129*u + 885. Calculate l(-6).
111
Let f(b) = -b**3 - 4*b**2 + b - 9. What is f(-4)?
-13
Let b(k) = k**3 + 33*k**2 - 4*k + 1047. Give b(-34).
27
Let a(f) = -2*f**3 + 26*f**2 - f + 54. Calculate a(13).
41
Let p(f) = -183*f - 3323. Determine p(-18).
-29
Let l(s) = s**3 - 31*s**2 - 56*s - 92. What is l(33)?
238
Let a(s) = s**3 - 84*s**2 - 283*s + 1913. Determine a(87).
-1
Let o(b) = 70*b**2 - 110*b + 4. What is o(2)?
64
Let y(k) = 2623*k - 2666. Give y(1).
-43
Let y(u) = -36*u**2 - u + 2. Calculate y(1).
-35
Let f(n) = 3*n**3 + 22*n**2 + 52*n + 163. Calculate f(-6).
-5
Let a(m) = 4*m**3 - 4*m**2 + 53*m - 185. Give a(4).
219
Let m(h) = -3*h**2 + 62*h - 13. What is m(20)?
27
Let l(h) = -3*h**3 + 22*h**2 - 87*h - 3. What is l(4)?
-191
Let a(h) = h**3 + 17*h**2 - 106*h + 52. What is a(-22)?
-36
Let z(y) = -y**3 + 130*y**2 - 130*y - 2. What is z(1)?
-3
Let y(x) = x**3 + 9*x**2 - 112*x + 411. What is y(-17)?
3
Let f(g) = -7*g**3 + 8*g**2 + 20*g + 9. What is f(-4)?
505
Let z(c) = 26*c**2 - 13*c - 66. Calculate z(0).
-66
Let j(c) = 46*c + 235. What is j(-12)?
-317
Let s(u) = -2969*u + 14850. Calculate s(5).
5
Let t(v) = 38*v - 2754. Calculate t(79).
248
Let t(s) = 2030*s - 466901. What is t(230)?
-1
Let i(a) = 36*a + 297. Determine i(-8).
9
Let b(r) = -r**3 - 62*r**2 + 61*r. Calculate b(-63).
126
Let n(l) = -l**3 + 43*l**2 - 37*l - 93. Determine n(42).
117
Let s(d) = -2*d**3 - 58*d**2 + 8*d + 97. What is s(-29)?
-135
Let r(h) = 613*h + 23264. What is r(-38)?
-30
Let u(b) = 70*b**3 + 6*b**2 + 8*b + 3. Determine u(-1).
-69
Let s(m) = -m**2 - 3*m + 9514. Give s(96).
10
Let u(s) = s**3 + 27*s**2 - 198*s - 27. Give u(-33).
-27
Let w(i) = 48*i - 1346. Give w(27).
-50
Let v(x) = -26*x + 247. What is v(5)?
117
Let u(c) = 111*c**2 - 5*c. Calculate u(1).
106
Let f(b) = -6*b**3 + 60*b**2 - 23*b - 17. Give f(9).
262
Let i(m) = -m**3 - 16*m**2 - 27*m - 112. Calculate i(-14).
-126
Let l(f) = -f**2 - 361*f + 2200. Give l(6).
-2
Let l(g) = -4*g**2 + 26*g + 3. Determine l(-10).
-657
Let d(x) = 12*x - 47. Give d(-8).
-143
Let u(y) = -y**3 - 118*y**2 - 126*y - 1058. Determine u(-117).
-5
Let h(k) = -k**3 + 214*k**2 - 2422*k - 371. What is h(202)?
33
Let s(b) = -217*b - 1312. Calculate s(-6).
-10
Let m(f) = f**3 - 44*f**2 + 440*f - 177. Give m(29).
-32
Let k(s) = -2*s**3 + 42*s**2 - 5*s + 133. What is k(21)?
28
Let r(c) = -5*c**2 + 70*c + 17. Determine r(14).
17
Let v(g) = -g**3 + 16*g**2 + 45*g + 37. Give v(19).
-191
Let t(k) = 3*k**3 + 27*k**2 + 142*k + 964. Give t(-8).
20
Let c(g) = 1365*g + 6821. Calculate c(-5).
-4
Let u(c) = -175*c + 5323. What is u(31)?
-102
Let h(o) = -o**3 + 36*o**2 - 318*o + 154. Determine h(14).
14
Let r(b) = 2*b**2 + 81*b + 725. What is r(-27)?
-4
Let f(w) = w**3 + 24*w**2 + 9*w - 82. Calculate f(-24).
-298
Let b(h) = -6*h**2 - 477*h - 949. Give b(-2).
-19
Let m(a) = a**3 + 59*a**2 - 540*a - 261. Calculate m(-67).
7
Let w(j) = 3*j**3 - 219*j**2 - 220*j - 129. Give w(74).
19
Let i(q) = -q**2 - 6*q + 20. Determine i(0).
20
Let q(x) = -207*x + 3309. Give q(16).
-3
Let l(h) = -34*h + 61. Determine l(0).
61
Let j(o) = 28*o - 207. What is j(8)?
17
Let j(a) = -a**3 + 30*a**2 - 46*a + 497. What is j(29)?
4
Let c(l) = -9*l + 351. What is c(34)?
45
Let m(f) = -f**3 - 16*f**2 - 91*f + 449. What is m(3)?
5
Let b(k) = 637*k + 21602. What is b(-34)?
-56
Let h(n) = -2*n**2 - 206*n + 819. What is h(4)?
-37
Let r(s) = -58*s**2 + 35*s + 8. Determine r(1).
-15
Let c(w) = w**3 - 18*w**2 - 72*w - 194. Determine c(22).
158
Let v(z) = z**2 - 9*z - 266. What is v(22)?
20
Let v(c) = -c**3 + 60*c**2 - 60*c + 109. Determine v(59).
50
Let b(d) = d**2 + 197*d - 3414. Determine b(16).
-6
Let u(b) = -b**2 - 35*b + 32. Determine u(0).
32
Let d(n) = 16*n - 7. Give d(11).
169
Let v(w) = -31*w + 4995. Give v(161).
4
Let c(d) = d**2 + 212*d - 6984. What is c(29)?
5
Let d(j) = -j**2 + 54*j - 475. Give d(54).
-475
Let g(b) = -b**3 - 30*b**2 - 73*b + 29. Determine g(-28).
505
Let q(y) = 2*y**3 + 17*y**2 + 14*y - 14. Determine q(-12).
-1190
Let y(u) = -u**2 + 43*u + 2073. What is y(72)?
-15
Let j(y) = 59*y + 8671. Determine j(-147).
-2
Let q(o) = 66*o + 975. Determine q(-14).
51
Let c(h) = 2*h**3 - 190*h**2 + 729*h + 5. Give c(4).
9
Let a(j) = 3*j**3 - 16*j**2 + 8*j - 22. Calculate a(5).
-7
Let o(x) = -55*x + 10. Calculate o(-2).
120
Let y(s) = 160*s - 1. What is y(-1)?
-161
Let n(l) = -2*l**3 + 4*l**2 + 12*l - 1. What is n(6)?
-217
Let l(b) = 2*b**3 + 48*b**2 - 11*b + 976. Determine l(-25).
1
Let w(t) = -120*t - 55. What is w(-5)?
545
Let b(m) = m**3 + 3*m**2 + 8*m + 8. What is b(-2)?
-4
Let l(w) = -w**3 - 23*w**2 - 38*w + 133. Give l(-21).
49
Let c(f) = 2*f**3 - 55*f**2 + 27*f + 3. Calculate c(27).
3
Let t(q) = 9*q**2 + 39*q + 116. What is t(-3)?
80
Let m(i) = -4*i**2 - 16*i + 37. What is m(-5)?
17
Let r(g) = g**3 + 21*g**2 + 38*g - 16. Give r(-18).
272
Let z(u) = -53*u + 1398. Determine z(24).
126
Let z(y) = -40*y**2 - 8*y - 10. Give z(-1).
-42
Let w(z) = z**3 - 115*z**2 - 3666*z + 6. Determine w(-26).
6
Let j(k) = -2*k**2 + 16*k + 360. Calculate j(-10).
0
Let t(b) = -b**2 - 229*b + 7180. Give t(28).
-16
Let i(h) = -140*h**2 + 1819*h - 1. What is i(13)?
-14
Let r(w) = -w**2 + 22*w + 51. Give r(-12).
-357
Let q(c) = -824*c - 888. Determine q(-1).
-64
Let t(p) = -p**3 - 12*p**2 - p - 16. Calculate t(-12).
-4
Let c(l) = l - 80. Give c(5).
-75
Let q(u) = u**2 - 46*u + 542. Calculate q(21).
17
Let o(m) = -m**3 - 13*m**2 - 25*m + 49. Determine o(-10).
-1
Let i(l) = 6*l**2 + 49*l + 170. What is i(-4)?
70
Let p(y) = 4*y**3 + 28*y**2 - 14*y - 15. What is p(1)?
3
Let b(x) = x**3 + 6*x**2 + 68*x + 315. What is b(-5)?
0
Let u(w) = 115*w - 630. Determine u(5).
-55
Let t(j) = 398*j - 9147. Give t(23).
7
Let d(c) = -13*c**3 + 9*c**2 + 3*c. What is d(2)?
-62
Let c(r) = 853*r + 17069. Determine c(-20).
9
Let c(o) = o**3 - 18*o**2 - 9*o + 65. What is c(17)?
-377
Let o(q) = -3*q**2 + 7*q + 24. Determine o(-7).
-172
Let x(g) = -g**3 + 8*g**2 - 7*g + 26. Give x(6).
56
Let m(y) = y**3 - 14*y**2 + 14*y - 2685. Determine m(20).
-5
Let d(u) = -u**2 + 88*u - 785. Give d(10).
-5
Let i(w) = -1626*w - 4. Give i(0